{"id":108,"date":"2025-07-08T11:52:46","date_gmt":"2025-07-08T09:52:46","guid":{"rendered":"https:\/\/podium-cafe.fr\/index.php\/services\/"},"modified":"2026-02-02T17:22:48","modified_gmt":"2026-02-02T16:22:48","slug":"cafe","status":"publish","type":"page","link":"https:\/\/podium-cafe.fr\/index.php\/cafe\/","title":{"rendered":"Caf\u00e9"},"content":{"rendered":"\t\t<div data-elementor-type=\"wp-page\" data-elementor-id=\"108\" class=\"elementor elementor-108\" data-elementor-post-type=\"page\">\n\t\t\t\t<div class=\"elementor-element elementor-element-5d2de0b6 e-flex e-con-boxed e-con e-parent\" data-id=\"5d2de0b6\" data-element_type=\"container\">\n\t\t\t\t\t<div class=\"e-con-inner\">\n\t\t\t\t<div class=\"elementor-element elementor-element-bf74b elementor-widget elementor-widget-image\" data-id=\"bf74b\" data-element_type=\"widget\" data-settings=\"{&quot;motion_fx_motion_fx_scrolling&quot;:&quot;yes&quot;,&quot;motion_fx_scale_effect&quot;:&quot;yes&quot;,&quot;motion_fx_scale_speed&quot;:{&quot;unit&quot;:&quot;px&quot;,&quot;size&quot;:2,&quot;sizes&quot;:[]},&quot;motion_fx_scale_range&quot;:{&quot;unit&quot;:&quot;%&quot;,&quot;size&quot;:&quot;&quot;,&quot;sizes&quot;:{&quot;start&quot;:65,&quot;end&quot;:100}},&quot;motion_fx_scale_direction&quot;:&quot;out-in&quot;,&quot;motion_fx_devices&quot;:[&quot;desktop&quot;,&quot;tablet&quot;,&quot;mobile&quot;]}\" data-widget_type=\"image.default\">\n\t\t\t\t\t\t\t\t\t\t\t\t\t\t\t<img fetchpriority=\"high\" decoding=\"async\" width=\"2048\" height=\"1153\" src=\"https:\/\/podium-cafe.fr\/wp-content\/uploads\/2026\/01\/IMG_20260114_154535-2048x1153.jpg\" class=\"attachment-2048x2048 size-2048x2048 wp-image-769\" alt=\"\" srcset=\"https:\/\/podium-cafe.fr\/wp-content\/uploads\/2026\/01\/IMG_20260114_154535-2048x1153.jpg 2048w, https:\/\/podium-cafe.fr\/wp-content\/uploads\/2026\/01\/IMG_20260114_154535-300x169.jpg 300w, https:\/\/podium-cafe.fr\/wp-content\/uploads\/2026\/01\/IMG_20260114_154535-1024x577.jpg 1024w, https:\/\/podium-cafe.fr\/wp-content\/uploads\/2026\/01\/IMG_20260114_154535-768x432.jpg 768w, https:\/\/podium-cafe.fr\/wp-content\/uploads\/2026\/01\/IMG_20260114_154535-1536x865.jpg 1536w\" sizes=\"(max-width: 2048px) 100vw, 2048px\" \/>\t\t\t\t\t\t\t\t\t\t\t\t\t\t\t<\/div>\n\t\t<div class=\"elementor-element elementor-element-23f30c9c e-flex e-con-boxed e-con e-child\" data-id=\"23f30c9c\" data-element_type=\"container\">\n\t\t\t\t\t<div class=\"e-con-inner\">\n\t\t\t\t<div class=\"elementor-element elementor-element-36ce7349 elementor-invisible elementor-widget elementor-widget-text-editor\" data-id=\"36ce7349\" data-element_type=\"widget\" data-settings=\"{&quot;_animation&quot;:&quot;fadeInUp&quot;}\" data-widget_type=\"text-editor.default\">\n\t\t\t\t\t\t\t\t\t<p>Caf\u00e9, bar et cantine<\/p>\t\t\t\t\t\t\t\t<\/div>\n\t\t\t\t<div class=\"elementor-element elementor-element-157af5dc elementor-widget elementor-widget-heading\" data-id=\"157af5dc\" data-element_type=\"widget\" data-widget_type=\"heading.default\">\n\t\t\t\t\t<h1 class=\"elementor-heading-title elementor-size-default\">Boire et manger <br> \u00e0 L'Hermitage<\/h1>\t\t\t\t<\/div>\n\t\t\t\t\t<\/div>\n\t\t\t\t<\/div>\n\t\t\t\t\t<\/div>\n\t\t\t\t<\/div>\n\t\t<div class=\"elementor-element elementor-element-677987e2 e-flex e-con-boxed e-con e-parent\" data-id=\"677987e2\" data-element_type=\"container\">\n\t\t\t\t\t<div class=\"e-con-inner\">\n\t\t<div class=\"elementor-element elementor-element-1f087431 e-con-full e-flex e-con e-child\" data-id=\"1f087431\" data-element_type=\"container\">\n\t\t\t\t<div class=\"elementor-element elementor-element-1a685cc0 elementor-widget elementor-widget-heading\" data-id=\"1a685cc0\" data-element_type=\"widget\" data-widget_type=\"heading.default\">\n\t\t\t\t\t<h2 class=\"elementor-heading-title elementor-size-default\">Petit-d\u00e9j, Lunch, Go\u00fbter, ap\u00e9ro<\/h2>\t\t\t\t<\/div>\n\t\t\t\t<div class=\"elementor-element elementor-element-1fb27d10 elementor-widget elementor-widget-text-editor\" data-id=\"1fb27d10\" data-element_type=\"widget\" data-widget_type=\"text-editor.default\">\n\t\t\t\t\t\t\t\t\t<p><span class=\"a_GcMg font-feature-liga-off font-feature-clig-off font-feature-calt-off text-decoration-none text-strikethrough-none\">Bienvenue au coeur du Podium : caf\u00e9 le jour, nous vous proposons diff\u00e9rentes boissons, <strong>g\u00e2teaux faits maison<\/strong> et viennoiseries.<\/span><\/p><p><span class=\"a_GcMg font-feature-liga-off font-feature-clig-off font-feature-calt-off text-decoration-none text-strikethrough-none\">Le soir, il se transforme en bar o\u00f9 vous pouvez retrouver des <strong>bi\u00e8res<\/strong>, <strong>vins<\/strong>, et <strong>jus artisanaux<\/strong> ainsi que diff\u00e9rents snacks.<\/span><\/p><p>La formule de <strong>restauration du midi<\/strong> est disponible du lundi au vendredi sur place de 12h \u00e0 14h ou <strong>\u00e0 emporter <\/strong>d\u00e8s 11h45<strong>.<\/strong><\/p>\t\t\t\t\t\t\t\t<\/div>\n\t\t\t\t<div class=\"elementor-element elementor-element-7115509 elementor-tablet-align-center elementor-widget-mobile__width-inherit elementor-invisible elementor-widget elementor-widget-button\" data-id=\"7115509\" data-element_type=\"widget\" data-settings=\"{&quot;_animation&quot;:&quot;fadeInDown&quot;}\" data-widget_type=\"button.default\">\n\t\t\t\t\t\t\t\t\t\t<a class=\"elementor-button elementor-button-link elementor-size-md\" href=\"tel:+33223360738\">\n\t\t\t\t\t\t<span class=\"elementor-button-content-wrapper\">\n\t\t\t\t\t\t\t\t\t<span class=\"elementor-button-text\">&gt; R\u00e9servation<\/span>\n\t\t\t\t\t<\/span>\n\t\t\t\t\t<\/a>\n\t\t\t\t\t\t\t\t<\/div>\n\t\t\t\t<\/div>\n\t\t<div class=\"elementor-element elementor-element-5b353e7d e-con-full e-flex e-con e-child\" data-id=\"5b353e7d\" data-element_type=\"container\">\n\t\t\t\t<div class=\"elementor-element elementor-element-870c342 elementor-widget elementor-widget-image\" data-id=\"870c342\" data-element_type=\"widget\" data-widget_type=\"image.default\">\n\t\t\t\t\t\t\t\t\t\t\t\t\t\t\t<img decoding=\"async\" width=\"1024\" height=\"1010\" src=\"https:\/\/podium-cafe.fr\/wp-content\/uploads\/2026\/01\/IMG_20260114_153502-scaled-e1768412926392-1024x1010.jpg\" class=\"attachment-large size-large wp-image-767\" alt=\"\" srcset=\"https:\/\/podium-cafe.fr\/wp-content\/uploads\/2026\/01\/IMG_20260114_153502-scaled-e1768412926392-1024x1010.jpg 1024w, https:\/\/podium-cafe.fr\/wp-content\/uploads\/2026\/01\/IMG_20260114_153502-scaled-e1768412926392-300x296.jpg 300w, https:\/\/podium-cafe.fr\/wp-content\/uploads\/2026\/01\/IMG_20260114_153502-scaled-e1768412926392-768x758.jpg 768w, https:\/\/podium-cafe.fr\/wp-content\/uploads\/2026\/01\/IMG_20260114_153502-scaled-e1768412926392-1536x1515.jpg 1536w, https:\/\/podium-cafe.fr\/wp-content\/uploads\/2026\/01\/IMG_20260114_153502-scaled-e1768412926392.jpg 1920w\" sizes=\"(max-width: 1024px) 100vw, 1024px\" \/>\t\t\t\t\t\t\t\t\t\t\t\t\t\t\t<\/div>\n\t\t\t\t<\/div>\n\t\t\t\t\t<\/div>\n\t\t\t\t<\/div>\n\t\t<div class=\"elementor-element elementor-element-3491e1b e-flex e-con-boxed e-con e-parent\" data-id=\"3491e1b\" data-element_type=\"container\">\n\t\t\t\t\t<div class=\"e-con-inner\">\n\t\t<div class=\"elementor-element elementor-element-18b02d0c e-con-full e-flex e-con e-child\" data-id=\"18b02d0c\" data-element_type=\"container\">\n\t\t<div class=\"elementor-element elementor-element-35416e45 e-con-full e-flex e-con e-child\" data-id=\"35416e45\" data-element_type=\"container\">\n\t\t\t\t<div class=\"elementor-element elementor-element-34c6dc36 elementor-widget elementor-widget-heading\" data-id=\"34c6dc36\" data-element_type=\"widget\" data-widget_type=\"heading.default\">\n\t\t\t\t\t<h2 class=\"elementor-heading-title elementor-size-default\">Brasserie Louarn (35)<\/h2>\t\t\t\t<\/div>\n\t\t\t\t<div class=\"elementor-element elementor-element-59191255 elementor-widget elementor-widget-text-editor\" data-id=\"59191255\" data-element_type=\"widget\" data-widget_type=\"text-editor.default\">\n\t\t\t\t\t\t\t\t\t<p>On peut difficilement faire plus local : la Brasserie Louarn \u00e0 Montfort propose des <strong>bi\u00e8res artisanales<\/strong> fines et cr\u00e9atives. Nous proposons \u00e0 la pression leur IPA \u00e0 faible amertume, parfaite pour tous les palais.<\/p>\t\t\t\t\t\t\t\t<\/div>\n\t\t\t\t<\/div>\n\t\t<div class=\"elementor-element elementor-element-3c636fab e-con-full e-flex e-con e-child\" data-id=\"3c636fab\" data-element_type=\"container\">\n\t\t\t\t<div class=\"elementor-element elementor-element-1fc2974a elementor-widget elementor-widget-heading\" data-id=\"1fc2974a\" data-element_type=\"widget\" data-widget_type=\"heading.default\">\n\t\t\t\t\t<h2 class=\"elementor-heading-title elementor-size-default\">Les caf\u00e9s MauRi<\/h2>\t\t\t\t<\/div>\n\t\t\t\t<div class=\"elementor-element elementor-element-1e619b3f elementor-widget elementor-widget-text-editor\" data-id=\"1e619b3f\" data-element_type=\"widget\" data-widget_type=\"text-editor.default\">\n\t\t\t\t\t\t\t\t\t<p>Une histoire de famille et de passion. Depuis plus de trente ans, les Rimasson torr\u00e9fient les caf\u00e9s du monde entier dans leur local \u00e0 Vern sur Seiche.<\/p>\t\t\t\t\t\t\t\t<\/div>\n\t\t\t\t<\/div>\n\t\t<div class=\"elementor-element elementor-element-1121a5ee e-con-full e-flex e-con e-child\" data-id=\"1121a5ee\" data-element_type=\"container\">\n\t\t\t\t<div class=\"elementor-element elementor-element-761a7a54 elementor-widget elementor-widget-heading\" data-id=\"761a7a54\" data-element_type=\"widget\" data-widget_type=\"heading.default\">\n\t\t\t\t\t<h2 class=\"elementor-heading-title elementor-size-default\"><a href=\"https:\/\/www.ingredientdafrique.com\/\">Ingr\u00e9dients d'Afrique (56)<\/a><\/h2>\t\t\t\t<\/div>\n\t\t\t\t<div class=\"elementor-element elementor-element-10dcbbb8 elementor-widget elementor-widget-text-editor\" data-id=\"10dcbbb8\" data-element_type=\"widget\" data-widget_type=\"text-editor.default\">\n\t\t\t\t\t\t\t\t\t<p>Une gamme de boissons naturelles peu sucr\u00e9es ! Toutes les mati\u00e8res premi\u00e8res sont issues de <strong>fili\u00e8res<\/strong> <strong>\u00e9quitables<\/strong> et responsables, en soutien aux femmes rurales africaines.<\/p>\t\t\t\t\t\t\t\t<\/div>\n\t\t\t\t<\/div>\n\t\t<div class=\"elementor-element elementor-element-311dee80 e-con-full e-flex e-con e-child\" data-id=\"311dee80\" data-element_type=\"container\">\n\t\t\t\t<div class=\"elementor-element elementor-element-7ae9c1b elementor-widget elementor-widget-heading\" data-id=\"7ae9c1b\" data-element_type=\"widget\" data-widget_type=\"heading.default\">\n\t\t\t\t\t<h2 class=\"elementor-heading-title elementor-size-default\">Brasserie La Dilettante (56)<\/h2>\t\t\t\t<\/div>\n\t\t\t\t<div class=\"elementor-element elementor-element-3d8e8e81 elementor-widget elementor-widget-text-editor\" data-id=\"3d8e8e81\" data-element_type=\"widget\" data-widget_type=\"text-editor.default\">\n\t\t\t\t\t\t\t\t\t<p>La brasserie engag\u00e9e, elle mise sur des ingr\u00e9dients <strong>100 % bio<\/strong>, une d\u00e9marche \u00e9coresponsable et une parfaite transparence. Bi\u00e8re triple, New England IPA, et bien d&#8217;autres \u00e0 d\u00e9couvrir en bouteille au Podium !<\/p>\t\t\t\t\t\t\t\t<\/div>\n\t\t\t\t<\/div>\n\t\t\t\t<\/div>\n\t\t<div class=\"elementor-element elementor-element-7188d564 e-con-full e-flex e-con e-child\" data-id=\"7188d564\" data-element_type=\"container\">\n\t\t\t\t<div class=\"elementor-element elementor-element-7a69e2b4 elementor-widget elementor-widget-heading\" data-id=\"7a69e2b4\" data-element_type=\"widget\" data-widget_type=\"heading.default\">\n\t\t\t\t\t<h2 class=\"elementor-heading-title elementor-size-default\">Produits locaux<\/h2>\t\t\t\t<\/div>\n\t\t\t\t<div class=\"elementor-element elementor-element-11f7be4f elementor-widget elementor-widget-text-editor\" data-id=\"11f7be4f\" data-element_type=\"widget\" data-widget_type=\"text-editor.default\">\n\t\t\t\t\t\t\t\t\t<p><span class=\"a_GcMg font-feature-liga-off font-feature-clig-off font-feature-calt-off text-decoration-none text-strikethrough-none\">L\u2019implantation du Podium au sein du territoire breton est importante pour nous. Cela se refl\u00e8te sur le choix de nos fournisseurs et de nos partenaires.<\/span><\/p><p>Vous souhaitez nous faire d\u00e9couvrir vos produits ? Nous sommes toujours ravis de d\u00e9couvrir des <strong>producteurs engag\u00e9s<\/strong>, n&#8217;h\u00e9sitez pas !<\/p>\t\t\t\t\t\t\t\t<\/div>\n\t\t\t\t<\/div>\n\t\t\t\t\t<\/div>\n\t\t\t\t<\/div>\n\t\t<div class=\"elementor-element elementor-element-2571707 e-flex e-con-boxed e-con e-parent\" data-id=\"2571707\" data-element_type=\"container\">\n\t\t\t\t\t<div class=\"e-con-inner\">\n\t\t<div class=\"elementor-element elementor-element-9d95c9d e-con-full e-flex e-con e-child\" data-id=\"9d95c9d\" data-element_type=\"container\">\n\t\t\t\t<div class=\"elementor-element elementor-element-3918090 elementor-widget elementor-widget-heading\" data-id=\"3918090\" data-element_type=\"widget\" data-widget_type=\"heading.default\">\n\t\t\t\t\t<h2 class=\"elementor-heading-title elementor-size-default\">Tout le sport<\/h2>\t\t\t\t<\/div>\n\t\t\t\t<div class=\"elementor-element elementor-element-26b6b10 elementor-widget elementor-widget-text-editor\" data-id=\"26b6b10\" data-element_type=\"widget\" data-widget_type=\"text-editor.default\">\n\t\t\t\t\t\t\t\t\t<p>Nous diffusons les grands rendez-vous sportifs : <strong>football<\/strong>, <strong>basketball<\/strong>, <strong>rugby<\/strong>, etc. Retrouvez la programmation sur nos r\u00e9seaux sociaux ou recevez-la directement par e-mail gr\u00e2ce \u00e0 notre newsletter.<\/p><p>Vous souhaitez visionner un programme sp\u00e9cifique ? Nous sommes toujours contents de d\u00e9couvrir de nouvelles disciplines, parlez-nous en !<\/p>\t\t\t\t\t\t\t\t<\/div>\n\t\t\t\t<\/div>\n\t\t<div class=\"elementor-element elementor-element-073b5eb e-con-full e-flex e-con e-child\" data-id=\"073b5eb\" data-element_type=\"container\">\n\t\t\t\t<div class=\"elementor-element elementor-element-d31de15 elementor-widget elementor-widget-image\" data-id=\"d31de15\" data-element_type=\"widget\" data-widget_type=\"image.default\">\n\t\t\t\t\t\t\t\t\t\t\t\t\t\t\t<img decoding=\"async\" width=\"1024\" height=\"768\" src=\"https:\/\/podium-cafe.fr\/wp-content\/uploads\/2025\/08\/phryge_footix_sport-1024x768.jpg\" class=\"attachment-large size-large wp-image-470\" alt=\"L&#039;image pr\u00e9sente une peluche de Phryge mascotte des jeux olympiques de Paris 2024\" srcset=\"https:\/\/podium-cafe.fr\/wp-content\/uploads\/2025\/08\/phryge_footix_sport-1024x768.jpg 1024w, https:\/\/podium-cafe.fr\/wp-content\/uploads\/2025\/08\/phryge_footix_sport-300x225.jpg 300w, https:\/\/podium-cafe.fr\/wp-content\/uploads\/2025\/08\/phryge_footix_sport-768x576.jpg 768w, https:\/\/podium-cafe.fr\/wp-content\/uploads\/2025\/08\/phryge_footix_sport-1536x1152.jpg 1536w, https:\/\/podium-cafe.fr\/wp-content\/uploads\/2025\/08\/phryge_footix_sport-2048x1536.jpg 2048w\" sizes=\"(max-width: 1024px) 100vw, 1024px\" \/>\t\t\t\t\t\t\t\t\t\t\t\t\t\t\t<\/div>\n\t\t\t\t<\/div>\n\t\t\t\t\t<\/div>\n\t\t\t\t<\/div>\n\t\t<div class=\"elementor-element elementor-element-c92e81f e-flex e-con-boxed e-con e-parent\" data-id=\"c92e81f\" data-element_type=\"container\">\n\t\t\t\t\t<div class=\"e-con-inner\">\n\t\t<div class=\"elementor-element elementor-element-1a6955e e-con-full e-flex e-con e-child\" data-id=\"1a6955e\" data-element_type=\"container\">\n\t\t\t\t<div class=\"elementor-element elementor-element-1227938 elementor-widget elementor-widget-heading\" data-id=\"1227938\" data-element_type=\"widget\" data-widget_type=\"heading.default\">\n\t\t\t\t\t<h2 class=\"elementor-heading-title elementor-size-default\">R\u00e9servations<\/h2>\t\t\t\t<\/div>\n\t\t\t\t<div class=\"elementor-element elementor-element-5dfe40a elementor-widget elementor-widget-text-editor\" data-id=\"5dfe40a\" data-element_type=\"widget\" data-widget_type=\"text-editor.default\">\n\t\t\t\t\t\t\t\t\t<p>Le Podium s&#8217;adapte, mais si vous pr\u00e9voyez de venir en <strong>groupe<\/strong>, pensez \u00e0 r\u00e9server ! Cela nous permet de vous accueillir dans les meilleures conditions et de vous garantir un moment agr\u00e9able tous ensemble.<\/p><p>Merci \u00e9galement de nous contacter en amont de votre visite pour des <strong>occasions sp\u00e9ciales<\/strong> : <b>anniversaire<\/b>, PACS,\u00a0<strong>collation d&#8217;apr\u00e8s fun\u00e9railles<\/strong>, conseil d&#8217;administration associatif, etc.<\/p>\t\t\t\t\t\t\t\t<\/div>\n\t\t\t\t<div class=\"elementor-element elementor-element-f03aa6c elementor-tablet-align-center elementor-widget-mobile__width-inherit elementor-invisible elementor-widget elementor-widget-button\" data-id=\"f03aa6c\" data-element_type=\"widget\" data-settings=\"{&quot;_animation&quot;:&quot;fadeInDown&quot;}\" data-widget_type=\"button.default\">\n\t\t\t\t\t\t\t\t\t\t<a class=\"elementor-button elementor-button-link elementor-size-md\" href=\"https:\/\/podium-cafe.fr\/index.php\/contact\/\">\n\t\t\t\t\t\t<span class=\"elementor-button-content-wrapper\">\n\t\t\t\t\t\t\t\t\t<span class=\"elementor-button-text\">Contact<\/span>\n\t\t\t\t\t<\/span>\n\t\t\t\t\t<\/a>\n\t\t\t\t\t\t\t\t<\/div>\n\t\t\t\t<\/div>\n\t\t<div class=\"elementor-element elementor-element-1a2ada8 e-con-full e-flex e-con e-child\" data-id=\"1a2ada8\" data-element_type=\"container\">\n\t\t\t\t<div class=\"elementor-element elementor-element-26dd047 elementor-widget elementor-widget-image\" data-id=\"26dd047\" data-element_type=\"widget\" data-widget_type=\"image.default\">\n\t\t\t\t\t\t\t\t\t\t\t\t\t\t\t<img loading=\"lazy\" decoding=\"async\" width=\"768\" height=\"1024\" src=\"https:\/\/podium-cafe.fr\/wp-content\/uploads\/2026\/01\/IMG_20260114_153735-768x1024.jpg\" class=\"attachment-large size-large wp-image-768\" alt=\"\" srcset=\"https:\/\/podium-cafe.fr\/wp-content\/uploads\/2026\/01\/IMG_20260114_153735-768x1024.jpg 768w, https:\/\/podium-cafe.fr\/wp-content\/uploads\/2026\/01\/IMG_20260114_153735-225x300.jpg 225w, https:\/\/podium-cafe.fr\/wp-content\/uploads\/2026\/01\/IMG_20260114_153735-1152x1536.jpg 1152w, https:\/\/podium-cafe.fr\/wp-content\/uploads\/2026\/01\/IMG_20260114_153735-1536x2048.jpg 1536w, https:\/\/podium-cafe.fr\/wp-content\/uploads\/2026\/01\/IMG_20260114_153735-scaled.jpg 1920w\" sizes=\"(max-width: 768px) 100vw, 768px\" \/>\t\t\t\t\t\t\t\t\t\t\t\t\t\t\t<\/div>\n\t\t\t\t<\/div>\n\t\t\t\t\t<\/div>\n\t\t\t\t<\/div>\n\t\t\t\t<\/div>\n\t\t","protected":false},"excerpt":{"rendered":"<p>Caf\u00e9, bar et cantine Boire et manger \u00e0 L&#8217;Hermitage Petit-d\u00e9j, Lunch, Go\u00fbter, ap\u00e9ro Bienvenue au coeur du Podium : caf\u00e9 le jour, nous vous proposons diff\u00e9rentes boissons, g\u00e2teaux faits maison et viennoiseries. Le soir, il se transforme en bar o\u00f9 vous pouvez retrouver des bi\u00e8res, vins, et jus artisanaux ainsi que diff\u00e9rents snacks. La formule [&hellip;]<\/p>\n","protected":false},"author":1,"featured_media":112,"parent":0,"menu_order":0,"comment_status":"closed","ping_status":"closed","template":"elementor_header_footer","meta":{"footnotes":""},"class_list":["post-108","page","type-page","status-publish","has-post-thumbnail","hentry"],"_links":{"self":[{"href":"https:\/\/podium-cafe.fr\/index.php\/wp-json\/wp\/v2\/pages\/108","targetHints":{"allow":["GET"]}}],"collection":[{"href":"https:\/\/podium-cafe.fr\/index.php\/wp-json\/wp\/v2\/pages"}],"about":[{"href":"https:\/\/podium-cafe.fr\/index.php\/wp-json\/wp\/v2\/types\/page"}],"author":[{"embeddable":true,"href":"https:\/\/podium-cafe.fr\/index.php\/wp-json\/wp\/v2\/users\/1"}],"replies":[{"embeddable":true,"href":"https:\/\/podium-cafe.fr\/index.php\/wp-json\/wp\/v2\/comments?post=108"}],"version-history":[{"count":77,"href":"https:\/\/podium-cafe.fr\/index.php\/wp-json\/wp\/v2\/pages\/108\/revisions"}],"predecessor-version":[{"id":809,"href":"https:\/\/podium-cafe.fr\/index.php\/wp-json\/wp\/v2\/pages\/108\/revisions\/809"}],"wp:featuredmedia":[{"embeddable":true,"href":"https:\/\/podium-cafe.fr\/index.php\/wp-json\/wp\/v2\/media\/112"}],"wp:attachment":[{"href":"https:\/\/podium-cafe.fr\/index.php\/wp-json\/wp\/v2\/media?parent=108"}],"curies":[{"name":"wp","href":"https:\/\/api.w.org\/{rel}","templated":true}]}}